
6
Let n(j) = j**3 + 8*j**2 + 6*j. Let z(h) = h**3 - 21*h**2 + 19*h + 13. Let t be z(20). Determine n(t).
7
Let n(r) be the second derivative of -r**3/6 + 13*r**2/2 - 51*r. Give n(6).
7
Let b(w) be the first derivative of w**6/120 + w**5/60 + w**3/3 - w**2 - 8. Let u(o) be the second derivative of b(o). Give u(0).
2
Let i(h) be the third derivative of h**4/24 - 2*h**3/3 + 6*h**2. Let d be i(8). Let v(z) be the first derivative of -3*z**2/2 + 6*z - 1. What is v(d)?
-6
Suppose -4*t - 3 = 3*j - 8*t, 3*t = 0. Let z(l) = -9*l**2 - l**2 - 1 + 3*l**2 - l. What is z(j)?
-7
Let m(g) = 27*g**2 - 3*g + 11. Let h(n) = -18*n**2 + 2*n - 7. Let y = -3 + -2. Let p(l) = y*m(l) - 8*h(l). What is p(1)?
9
Let t(a) be the second derivative of -a**5/20 + a**4/6 - a**3/6 + a**2/2 + 2*a. Calculate t(3).
-11
Let l(w) = 1 + 0*w + w + w**2 - 4 - 8*w. Suppose -1 + 25 = 3*m. Let i be l(m). Let t(n) = -n**2 + 5*n - 3. What is t(i)?
-3
Let d be (-54)/15 - 4/10. Let w(l) = l**3 + l. Let t(g) = 2*g**3 - 3*g**2 + 4*g - 5. Let k = 3 - 0. Let i(q) = k*w(q) - t(q). Determine i(d).
-7
Let d(f) = 9*f**2 + 2*f - 1. Suppose -6 = -4*r - 2*r. Give d(r).
10
Let l(w) = -w**2 - 7*w - 5. Let u(c) = c**3 + 4*c**2 - 6*c - 12. Let f be u(-5). What is l(f)?
-5
Let x(v) = 3*v**2 - 3*v. Let l = 6 - 0. Suppose -2*a - l = -h - a, 4*h - 20 = 3*a. Suppose -3*q = -h*c, 3*c = -q - 2*c + 17. Determine x(q).
6
Let q(s) = -s**3 - 4*s**3 + 4*s - 4*s**3 + 1 - 6*s. Calculate q(1).
-10
Suppose -3 = -2*w + 7. Let j(l) be the first derivative of -1 - w*l - 3/2*l**2. Give j(-4).
7
Let z(k) = k**2 - 5*k - 5. Suppose -m = 3*d - 15, -3*m - d = -8 - 13. Calculate z(m).
1
Let x(h) = h**2 - 1. Let a(z) = -z + 1. Let u(y) = -y**2 + 4*y - 3. Let c(j) = 2*a(j) - u(j). Let d be c(4). What is x(d)?
8
Let y be (-13 - -3) + 175/25. Suppose -5*k = -0*k + 5. Let c(s) = -1. Let o(g) = -g - 8. Let i(n) = k*o(n) + 5*c(n). Give i(y).
0
Suppose -3*k = -s + 3 - 6, -2*s + 2 = -2*k. Let i(b) = -b**2. Give i(s).
-9
Let w(i) = i**3 - 4*i**2 - 2*i + 4. Let l be (24/18)/((-4)/6). Let f = 2 - l. What is w(f)?
-4
Let b(j) be the third derivative of -j**4/24 - j**3 + 15*j**2. Determine b(-4).
-2
Let z(b) = 3*b + 2. Let m be z(-2). Let y(a) = -a**3 - 7*a**2 - a + 1. Let v(o) = o**2 - 1. Let t(d) = -3*v(d) - y(d). Calculate t(m).
-2
Suppose -2*p = -0*p + 5*r - 4, p - 2 = 5*r. Let i = p - -2. Let a(k) = 2*k**2 - k**2 - k - 4*k - 1 - 1. Calculate a(i).
-6
Let j(u) = -28*u**3 + 7*u**2 + u - 4. Let d(w) = -9*w**3 + 7*w**2 - 1 - 5*w**2 - 2*w + 2*w. Let g(o) = -7*d(o) + 2*j(o). Give g(1).
8
Let y(v) be the first derivative of -v**2 - 6*v + 2. Let w be 1 + 1/(3/(-18)). Calculate y(w).
4
Let b(s) = -s - 3. Let h be 22/(-6) + 1/(-3). Suppose -28 = 5*v - 7*v. Let c be (-1)/2 - v/h. What is b(c)?
-6
Let a = 9 + -5. Suppose -4*c - a = -4*m - 0, -5*c - 13 = -m. Let k be (-2 - 0) + m - -1. Let j(o) = o**2 + o - 2. Determine j(k).
4
Let i(b) be the second derivative of 11*b**4/12 + b**3/3 + b**2/2 + 3*b. Let d be (-4)/(-10) - ((-12)/(-5) - 1). Give i(d).
10
Let y(i) = 4*i + 17. Let q be y(-6). Let a(o) = -o**3 - 7*o**2 - 2*o - 8. What is a(q)?
6
Let y(h) be the first derivative of -h**4/2 + h**3/3 - h**2/2 - h + 9. Give y(-1).
3
Let l(i) be the first derivative of 2*i**3/3 + 3*i**2 + 3. Let p be l(-4). Let a(b) = p + 11 - b - 8. Give a(5).
6
Let c(f) be the second derivative of -f**5/20 + f**3/2 - 3*f**2/2 + 4*f. Determine c(2).
-5
Let m(g) = 5*g**2 + 2*g + 1. Let h be m(-1). Let z = h + -3. Let d(n) = n**3 - n. Calculate d(z).
0
Let x(t) = t**3 + 5*t**2 - 8*t - 6. Suppose m + 25 = -4*o - 0*m, 3*o = 3*m - 15. Determine x(o).
6
Let s(z) = 2*z**2 - 4*z. Suppose 16 + 8 = -2*v. Let x be v/(-8)*(1 + 1). Suppose 0*h + h = x. What is s(h)?
6
Let l(u) = -u. Let x be l(-2). Suppose -2*q - 4*k + 11 + 7 = 0, 0 = -2*k + 6. Let g(d) = d**2 - q + d + 5 + 0*d**2 - 2*d**2. Determine g(x).
0
Let f(g) = -3*g - 7 + 4*g - 2*g. What is f(-6)?
-1
Let w(h) = -h**3 - 10*h**2 - 7*h + 13. Suppose 3 = 3*s + 30. Give w(s).
-5
Let f = 83 - 83. Let q(t) = t**2 - t + 10. Give q(f).
10
Let f(w) = w**3 + 7*w**2 + 7*w + 4. Let d = -5 - -5. Let r(h) = -h**2 - 6. Let g be r(d). Calculate f(g).
-2
Let t(n) = -6*n - 3. Suppose 10 = -v + 3*v. Suppose v*i + w = 0, 0 = 3*i - 0*i + 3*w. Let x be (i + -2 + 0)*1. Give t(x).
9
Let m(s) = s - 5. Let i(r) = 6. Let n(u) = -6*i(u) - 7*m(u). Give n(-1).
6
Suppose 0 = 2*y - 4*y + 6. Let i(r) = r**3 + r. Let v(u) = 7*u - 5 - 3*u**2 - u + 1 + 5*u**3. Let f(m) = 4*i(m) - v(m). Calculate f(y).
-2
Let l be (-12)/9*(-6)/4. Let n(x) = -2*x - 1 + l*x**2 + x**2 + 2. Let u = 32 + -31. Give n(u).
2
Let i(y) = -3*y**2 + 6. Let b(r) = -7*r**2 + 13. Let p(x) = -2*b(x) + 5*i(x). Suppose 5*j - 29 + 9 = 0. Suppose j = z + 1. What is p(z)?
-5
Let l(k) = -3*k**3 - 5*k**2 - 4*k - 1. Let f(c) = -4*c**3 - 6*c**2 - 5*c - 1. Let a(q) = 2*f(q) - 3*l(q). Give a(-2).
1
Let m(y) = 7*y**2. Suppose -3 = 2*r - 3*r. Let f be 1/(-2) + 10/4. Suppose x = f - r. Determine m(x).
7
Let l(i) = -3*i - 1. Suppose -h - 1 = 5*f - 3, 3*h - f = 6. Determine l(h).
-7
Suppose 0 = -11*l + 8*l - 18. Let a(v) = -v**2 - 9*v - 8. Give a(l).
10
Let v(c) = c**2 - 7*c - 16. Let o be v(9). Let z(s) = -4*s**2 - 2*s + 3. Give z(o).
-17
Let z be 1/(12/(-4))*18. Let d(n) = n**2 + 7*n + 8. Calculate d(z).
2
Let v(o) = 19 - o - 11 - 8. Give v(1).
-1
Let r(z) = z**3 + 1. Let w(j) = 4*j**3 - 6*j**2 - 4*j + 6. Let y(f) = 5*r(f) - w(f). Calculate y(-5).
4
Let x(y) = y + 1. Let f(u) = -3*u - 1 + 3 - 2 - 1. Let i(v) = 2*f(v) + 4*x(v). Let z(g) = -g**2 - 6*g - 4. Let j be z(-4). Determine i(j).
-6
Let j be (-4 - -1) + 2 - 1. Let b = j - 1. Let q(y) = 2*y - 1. Determine q(b).
-7
Let l(o) = -o + 16. Let s(v) = -5. Let j(q) = -2*l(q) - 7*s(q). Determine j(-2).
-1
Let d(l) be the third derivative of l**2 - 1/60*l**5 - 1/2*l**3 + 0*l + 0 + 1/8*l**4. Determine d(4).
-7
Let h(t) = t**2 + 2*t. Suppose q - 1 = -8. Let y be (5 + -2)*3/9. Let b be (2 - (-2 - q))*y. What is h(b)?
3
Let p = -62 - -63. Let l(z) = 11*z**3 - 2*z + 1. Determine l(p).
10
Let t(o) = -o**3 + 3*o - 2. Let y(r) be the third derivative of -r**6/120 + r**5/5 - 11*r**4/24 + r**3/3 - 5*r**2. Let x be y(11). Give t(x).
-4
Let w(y) be the third derivative of y**5/30 - y**3 - 5*y**2. Let o(r) be the first derivative of w(r). Calculate o(-1).
-4
Let i(c) = c**2 - 3*c - 2. Let k be i(-2). Let a be 4 + ((-8)/4)/2. Let v(w) = 2*w**2 - a*w**2 - k*w + 9*w. Calculate v(1).
0
Let w(o) = -o. Let i(a) = -a**3 - a**2 + a + 4. Suppose 0*n = -n. Let l = 0 + n. Let g be i(l). What is w(g)?
-4
Let j(g) be the third derivative of 1/6*g**3 + 0*g - 1/24*g**4 + 0 - 3*g**2. Give j(-2).
3
Let s(d) = 7*d**3 - 4*d**2 - d - 8. Let t(n) = -n**3 + n + 1. Let r(q) = s(q) + 5*t(q). Suppose 4*i - 3*i - 4 = 0. Suppose -5*o + 6 = -i. Give r(o).
5
Let d(r) be the second derivative of r**5/20 + r**4/3 + r**3/2 + 3*r**2/2 + r. Give d(-4).
-9
Let r be (-1)/4*3*4. Let d(v) = -v**3 - 9*v**2 - 5*v - 2. Let w(g) = -2*g + g**3 + 1 - 3*g**2 + 5*g + g + 11*g**2. Let u(f) = -5*d(f) - 6*w(f). Calculate u(r).
1
Suppose -5*h - 2*l = 33, -h - 3*l = 24 - 7. Let j(p) be the first derivative of p**4/4 + 4*p**3/3 - 3*p**2/2 - p - 7. Give j(h).
-11
Let w(z) = z - 8. Let d be w(0). Let h(p) = p**3 + 9*p**2 + 7*p - 8. Give h(d).
0
Let i(r) = -4*r. Let k(u) = -u**3 - u**2 - u. Suppose 2*y + 0*b - 3*b = -4, 2*y = -b + 4. Suppose -v = 0, -2*z - 4*v - 1 - y = 0. Let c be k(z). What is i(c)?
-4
Let m be 25 + (-2)/(-1) - 2. Suppose q = 6*q - m. Suppose -q*j = z + 5, -2*z - 4*j = z + 4. Let b(f) = -f + 3. What is b(z)?
3
Let k(z) = -z**3 - z**2 + 4*z - 4. Let a be k(1). Let b(j) = -j**3 + 3*j**2 + 2*j + 1. Determine b(a).
17
Suppose -k + 0*k - 14 = 0. Let s be k/4 + 8/(-16). Let r(w) = -2*w - 3*w - 6 + 0*w**2 - w**2. Determine r(s).
-2
Let j = -4 - -8. Let k(y) be the second derivative of y**8/6720 - y**7/630 + y**5/120 + y**4/12 + 4*y. Let h(n) be the third derivative of k(n). Determine h(j).
1
Let v(f) = 2*f**2 - 4*f - 3. Let d be (-8)/((-24)/9) - -1. Calculate v(d).
13
Let z(j) = -j**3 - 17*j**2 + 19*j + 14. Let u be z(-18). Let y(t) = t**2 + 3*t + 3. Calculate y(u).
7
Let g = 43 + -31. Let z(i) = -1 + 5 - 2*i - 11*i**2 + i + g*i**2. Determine z(0).
4
Let c(g) = -g**3 - 3*g**2 + 2*g + 4. Let f be c(-3). Let d = 10 + f. Su